
261327
In base 8, what is -270 - -465517?
465227
In base 13, what is 11a - 4349c4?
-4348a7
In base 5, what is 3232130423340 + 1?
3232130423341
In base 11, what is -142 + 1629a?
16158
In base 14, what is 4a - 1616b02?
-1616a96
In base 6, what is 2121354 - 150?
2121204
In base 4, what is 1111301 + 101102331?
102220232
In base 10, what is -701517 + 921?
-700596
In base 9, what is -376204 - 2424?
-378628
In base 14, what is -2b3a447 - -4?
-2b3a443
In base 14, what is 8d8ddca + 4?
8d8ddd0
In base 3, what is -1221201220010220 - -201?
-1221201220010012
In base 6, what is -2124241101 - 0?
-2124241101
In base 15, what is -18 - aa2b67?
-aa2b80
In base 8, what is -1 - 14737300?
-14737301
In base 4, what is 122331 - 3000?
113331
In base 5, what is 304 + 323244202?
323300011
In base 6, what is -100 - 253205023?
-253205123
In base 14, what is 24b9b3 + 2?
24b9b5
In base 8, what is -160 + 3133354?
3133174
In base 4, what is -30303323200112 - -11?
-30303323200101
In base 5, what is -4041311 + 314?
-4040442
In base 5, what is -3 - -132231112414?
132231112411
In base 2, what is -10011010111011010010000 + 10?
-10011010111011010001110
In base 10, what is 33274 + 7893?
41167
In base 8, what is 335027 - -77?
335126
In base 14, what is 4d7a1 - -188?
4d949
In base 13, what is 181 + -101a7?
-10026
In base 15, what is -1d4 + 1449?
1265
In base 9, what is 26010 + -580?
25320
In base 4, what is -1210011212332302 - -2?
-1210011212332300
In base 7, what is 26354 - 114365?
-55011
In base 14, what is -16 + -5d037c?
-5d0394
In base 8, what is -44357 + -70?
-44447
In base 14, what is -1130 + 2d1cc?
2c09c
In base 15, what is 79b7d3a - 1?
79b7d39
In base 10, what is 4 + 48640257?
48640261
In base 8, what is 3765261320 - 4?
3765261314
In base 14, what is -273b715 - -2?
-273b713
In base 2, what is -11000 - 1001010011100011110?
-1001010011100110110
In base 16, what is -2f9d8 + 1a?
-2f9be
In base 13, what is 259026c - -5?
2590274
In base 9, what is 3 - -1473688?
1473702
In base 12, what is 1b1 - 3a68a9?
-3a66b8
In base 8, what is -4762 - 227460?
-234442
In base 10, what is 43690 + -23576?
20114
In base 12, what is -258 - 49b539?
-49b795
In base 10, what is -5 - 5470473?
-5470478
In base 3, what is -1011202112202101 + 2?
-1011202112202022
In base 10, what is 10597 - -4225?
14822
In base 7, what is 555 - -26025?
26613
In base 4, what is 1132210330220 - -3?
1132210330223
In base 2, what is 1010000001 - -1101110110001?
1111000110010
In base 2, what is -1101011110011110110 - 10111001?
-1101011110110101111
In base 13, what is -2 - -47b647b?
47b6479
In base 11, what is 16 - 2a806?
-2a7a0
In base 11, what is 3 + 15a3929a8?
15a392a00
In base 13, what is -8c16 - 488?
-93a1
In base 9, what is 646866 - -174?
647151
In base 14, what is -2631 - 168?
-2799
In base 10, what is -272234876 - 5?
-272234881
In base 13, what is 1aa + 3a4c?
3c29
In base 12, what is 1a9b + -1541?
55a
In base 12, what is -32b + 29819?
294aa
In base 7, what is 3 + 6234546004?
6234546010
In base 9, what is 334032 - -211?
334243
In base 4, what is -21211132031313 - -3?
-21211132031310
In base 8, what is 60 + 136360?
136440
In base 16, what is b + 144e3?
144ee
In base 14, what is -1164 + 377?
-bcb
In base 4, what is -23002332 + 303?
-23002023
In base 8, what is -47046 + 443?
-46403
In base 13, what is ba0b58 + -10?
ba0b48
In base 9, what is -22 + 1312732?
1312710
In base 7, what is -130524132 + 20?
-130524112
In base 2, what is 1001100010101000011000010110 + -101?
1001100010101000011000010001
In base 15, what is -208a + 286a6?
2661b
In base 12, what is 273362 + -71?
2732b1
In base 8, what is -4 + 141077330?
141077324
In base 15, what is -25d8c - -1b?
-25d71
In base 4, what is 31031 - -30010311?
30102002
In base 10, what is 21521 - -663?
22184
In base 3, what is 101020110010221020 + 11?
101020110010221101
In base 9, what is 130 - -65588?
65728
In base 12, what is 15716 - -15364?
2aa7a
In base 4, what is -22013130231 + -22?
-22013130313
In base 8, what is 200 + -565067?
-564667
In base 5, what is -4 + -1142130200441?
-1142130201000
In base 14, what is 11 - -1426c01?
1426c12
In base 12, what is 13a796 - 3b?
13a757
In base 13, what is 5 + 49079a1?
49079a6
In base 11, what is 40877 - 2209?
39669
In base 2, what is -10 + 1111100100111100111000?
1111100100111100110110
In base 7, what is 44 + -5611560?
-5611513
In base 4, what is -3222010 + -212?
-3222222
In base 6, what is -11115 + 23122?
12003
In base 15, what is -1c6ed - -12e2?
-1b40b
In base 16, what is -61 - -e4ba6?
e4b45
In base 5, what is -14211 + 201122?
131411
In base 14, what is -160 + -45d5?
-4755
In base 6, what is 3454351 + 10100?
3504451
In base 2, what is 1 - -111000101100100101001100100?
111000101100100101001100101
In base 15, what is -6 + 3ed84?
3ed7d
In base 5, what is -21302220301 + -14?
-21302220320
In base 7, what is 1666 + -52665?
-50666
In base 13, what is 1 + -4397269?
-4397268
In base 2, what is 11001001110111101110010000 + -1101?
11001001110111101110000011
In base 8, what is 16262732 - -116?
16263050
In base 7, what is -144314320 + -36?
-144314356
In base 9, what is -363553 + -374?
-364037
In base 9, what is -124 - -17285?
17161
In base 10, what is 6 + -11543694?
-11543688
In base 15, what is 71a - -1505?
1c20
In base 5, what is 131302204101 - 1?
131302204100
In base 6, what is 32 - -14245311?
14245343
In base 3, what is -1 - -10220211221102221?
10220211221102220
In base 11, what is -29120 - -120?
-29000
In base 6, what is 220342445 + 22?
220342511
In base 14, what is -1120b + -43?
-11250
In base 16, what is -d966be - -8?
-d966b6
In base 15, what is -16c + -2ac5?
-2c42
In base 16, what is -5c + 742404?
7423a8
In base 2, what is 101000001010100110 - 1?
101000001010100101
In base 9, what is -18 + 20225524?
20225505
In base 6, what is 122554 + -1353?
121201
In base 4, what is 2 + -1010003201?
-1010003133
In base 6, what is -1152 + 203?
-545
In base 16, what is 1d6e - -a6?
1e14
In base 14, what is 6634 + 311b?
9751
In base 4, what is 10 - -1332013301021?
1332013301031
In base 6, what is -4530 - 2332?
-11302
In base 12, what is 607 - 68952?
-68347
In base 16, what is -385 - 2604?
-2989
In base 16, what is -114 - 6ab9?
-6bcd
In base 12, what is 84 - 17b11?
-17a49
In base 15, what is -3aa84e + 2bb?
-3aa583
In base 16, what is -112f0 - 6f0?
-119e0
In base 14, what is -227b6b - -11?
-227b5a
In base 3, what is 1021101 - -102022021?
110120122
In base 8, what is -4 - 10533536?
-10533542
In base 2, what is 11001110010101101010000101111 + -100?
11001110010101101010000101011
In base 12, what is -1 - a0b949?
-a0b94a
In base 7, what is 0 - 1423550203?
-1423550203
In base 7, what is -14042355426 - -4?
-14042355422
In base 11, what is -3055 + -301a?
-6074
In base 15, what is -3a + -b7eb?
-b836
In base 12, what is -b7a8 - -bb?
-b6a9
In base 16, what is 1ce7 - 2a5f?
-d78
In base 10, what is -11723 + 47?
-11676
In base 5, what is 4010312413 - 2?
4010312411
In base 6, what is -103222201321 - 0?
-103222201321
In base 13, what is 28879 + -103?
28776
In base 11, what is 289330 + -566?
288875
In base 6, what is -15 - 20333344?
-20333403
In base 6, what is -34345 - 20042?
-54431
In base 11, what is -3 - 594a0022?
-594a0025
In base 16, what is -55f - 37921?
-37e80
In base 2, what is -10010 - -101001010101010100011?
101001010101010010001
In base 5, what is -1 - -11321222220?
11321222214
In base 15, what is -27 + -e3778?
-e37a0
In base 3, what is 2200001220201102 + 2?
2200001220201111
In base 4, what is -21211 + -2310003?
-2331220
In base 7, what is 4032 + -622550?
-615515
In base 8, what is 234602 - 141?
234441
In base 16, what is 20 - 4eda3?
-4ed83
In base 2, what is -1010100011 - 10100101110010000010?
-10100101111100100101
In base 8, what is 132525664 - -101?
132525765
In base 4, what is -2 - 1333103303213?
-1333103303221
In base 16, what is -98a - -3d5?
-5b5
In base 6, what is 4304420 - 3542?
4300434
In base 5, what is 222031343 - 212?
222031131
In base 2, what is -1011100100001110 + -1011110001100?
-1101000010011010
In base 7, what is -25 + -1403110?
-1403135
In base 2, what is 101 - 1101000110001?
-1101000101100
In base 6, what is 4255332 - -1015?
4300351
In base 9, what is -2367 + -28022?
-31400
In base 3, what is 1002002110111 + 11111?
1002002121222
In base 13, what is 28b79b 